{"id":379,"date":"2024-01-15T17:57:51","date_gmt":"2024-01-15T17:57:51","guid":{"rendered":"https:\/\/arzt-nienhagen.de\/?page_id=379"},"modified":"2026-05-03T13:02:14","modified_gmt":"2026-05-03T13:02:14","slug":"aktuelles","status":"publish","type":"page","link":"https:\/\/arzt-nienhagen.de\/?page_id=379","title":{"rendered":"Aktuelles"},"content":{"rendered":"\n<p><br><\/p>\n\n\n\n<p><\/p>\n\n\n\n<div class=\"wp-block-columns is-layout-flex wp-container-core-columns-is-layout-9d6595d7 wp-block-columns-is-layout-flex\">\n<div class=\"wp-block-column is-layout-flow wp-block-column-is-layout-flow\" style=\"flex-basis:100%\">\n<p><strong>Ferien Christi-Himmelfahrt und Pfingsten<\/strong><br>Liebe Patienten, <br>dieses Jahr g\u00f6nnen wir uns im Fr\u00fchling einen ausgedehnten Urlaub und daher ist die Praxis vom 14.Mai bis 26.Mai 2026 geschlossen.<br>W\u00e4hrend der Feiertage und am Br\u00fcckentag erreichen Sie in wichtigen medizinischen Notf\u00e4llen den kassen\u00e4rztlichen Bereitschaftsdienst unter 116 117. Dies betrifft die Tage:<br>&#8211; 14.-17.Mai (Christi-Himmelfahrt +Br\u00fcckentag+Wochenende)<br>&#8211; 23.-25.Mai (Pfingstwochenende)<br>An den anderen Tagen vom 18.- 22. Mai und 26.Mai 2026 erreichen Sie Hilfe bei<br>Frau Romy Hanske, Schulstr. 5 in Rethwisch (<a href=\"https:\/\/www.google.com\/search?q=hanske+rethwisch&amp;rlz=1C1CHBF_deDE930DE930&amp;oq=hanske+rethwisch&amp;gs_lcrp=EgZjaHJvbWUyBggAEEUYOTIICAEQABgWGB4yCggCEAAYgAQYogQyBwgDEAAY7wUyCggEEAAYogQYiQXSAQg2OTgwajBqN6gCALACAA&amp;sourceid=chrome&amp;ie=UTF-8&amp;sei=-OPtaavpAsmExc8Pg6bSgAY#\">038203 741660<\/a>) <br>Ab Dienstag 27.Mai sind wir zu den gewohnten Sprechzeiten wieder f\u00fcr Sie da!<br>Vielen Dank f\u00fcr Ihr Verst\u00e4ndnis und bleiben Sie gesund<br>Ihr Praxisteam Dr. Ebert<\/p>\n\n\n\n<p><\/p>\n\n\n\n<p><\/p>\n\n\n\n<p><\/p>\n\n\n\n<p><\/p>\n<\/div>\n<\/div>\n\n\n\n<p><strong>Neue \u00d6ffnungszeiten ab Februar 2026<\/strong><br>Ab Februar \u00e4ndern sich die Sprechzeiten. <br>Wir sind Montag &#8211; Freitag von 8:00 &#8211; 11:30 Uhr f\u00fcr Sie da. <br>Am Montag Nachmittag findet die Sprechstunde von 16:00 &#8211; 19:00Uhr statt. <br>Die neue Praxiszeit ist nun am Mittwoch Nachmittag von 14:00 &#8211; 17:00Uhr.<br>Die Sprechstunde am Donnerstag Nachmittag entf\u00e4llt daf\u00fcr.<br>Weiterhin sind wir auch gerne au\u00dferhalb nach Vereinbarung f\u00fcr Sie da.<br>Vielen Dank<br>Ihr Praxisteam Dr. Ebert<\/p>\n\n\n\n<p><\/p>\n\n\n\n<hr class=\"wp-block-separator has-alpha-channel-opacity\"\/>\n\n\n\n<p><\/p>\n","protected":false},"excerpt":{"rendered":"<p>Ferien Christi-Himmelfahrt und PfingstenLiebe Patienten, dieses Jahr g\u00f6nnen wir uns im Fr\u00fchling einen ausgedehnten Urlaub und daher ist die Praxis vom 14.Mai bis 26.Mai 2026 geschlossen.W\u00e4hrend der Feiertage und am Br\u00fcckentag erreichen Sie in wichtigen medizinischen Notf\u00e4llen den kassen\u00e4rztlichen Bereitschaftsdienst unter 116 117. Dies betrifft die Tage:&#8211; 14.-17.Mai (Christi-Himmelfahrt +Br\u00fcckentag+Wochenende)&#8211; 23.-25.Mai (Pfingstwochenende)An den anderen Tagen<\/p><\/div>\n<div class=\"blog-btn\"><a href=\"https:\/\/arzt-nienhagen.de\/?page_id=379\" class=\"home-blog-btn\">Weiterlesen<\/a><\/p>\n","protected":false},"author":2,"featured_media":0,"parent":0,"menu_order":0,"comment_status":"closed","ping_status":"closed","template":"","meta":{"footnotes":""},"class_list":["post-379","page","type-page","status-publish","hentry"],"featured_image_src":null,"_links":{"self":[{"href":"https:\/\/arzt-nienhagen.de\/index.php?rest_route=\/wp\/v2\/pages\/379","targetHints":{"allow":["GET"]}}],"collection":[{"href":"https:\/\/arzt-nienhagen.de\/index.php?rest_route=\/wp\/v2\/pages"}],"about":[{"href":"https:\/\/arzt-nienhagen.de\/index.php?rest_route=\/wp\/v2\/types\/page"}],"author":[{"embeddable":true,"href":"https:\/\/arzt-nienhagen.de\/index.php?rest_route=\/wp\/v2\/users\/2"}],"replies":[{"embeddable":true,"href":"https:\/\/arzt-nienhagen.de\/index.php?rest_route=%2Fwp%2Fv2%2Fcomments&post=379"}],"version-history":[{"count":41,"href":"https:\/\/arzt-nienhagen.de\/index.php?rest_route=\/wp\/v2\/pages\/379\/revisions"}],"predecessor-version":[{"id":462,"href":"https:\/\/arzt-nienhagen.de\/index.php?rest_route=\/wp\/v2\/pages\/379\/revisions\/462"}],"wp:attachment":[{"href":"https:\/\/arzt-nienhagen.de\/index.php?rest_route=%2Fwp%2Fv2%2Fmedia&parent=379"}],"curies":[{"name":"wp","href":"https:\/\/api.w.org\/{rel}","templated":true}]}}