{"id":8,"date":"2019-01-17T22:37:47","date_gmt":"2019-01-17T22:37:47","guid":{"rendered":"http:\/\/arzt-nienhagen.de\/?page_id=8"},"modified":"2024-01-13T17:10:58","modified_gmt":"2024-01-13T17:10:58","slug":"informationen","status":"publish","type":"page","link":"https:\/\/arzt-nienhagen.de\/","title":{"rendered":"Informationen"},"content":{"rendered":"\n<h3 class=\"wp-block-heading\">Herzlich willkommen!<\/h3>\n\n\n\n<p align=\"justify\"><br>Mit medizinischem Sachverstand und Herz stehe ich Ihnen mit meinem Team zur Seite. <br>Allgemeinmedizin ist Familienmedizin, wir betreuen Kinder, Jugendliche, Erwachsene und Senioren in unserer Praxis.<br><br>Wir begleiten Sie bei akuten und chronischen Krankheiten, ob k\u00f6rperlicher oder seelischer Natur im gesamten Spektrum der Medizin. Vorsorgeuntersuchungen sind ein wichtiger Teil unserer Arbeit, um Ihre Gesundheit zu erhalten.<br><br>St\u00e4ndige Weiterbildungen und enge Kooperationen mit Fach\u00e4rzten, Kliniken der Region, sowie sonstigen Leistungsbringern der Medizin (z.B. Physiotherapie) erm\u00f6glichen es uns, Sie umfassend zu behandeln.<br>Die Praxis ist barrierefrei erreichbar.<br><br>Wir freuen uns Sie in der Praxis zu betreuen und bedanken uns f\u00fcr Ihr Vertrauen!<br><br>Ihre Dr. Regina Ebert und Team<\/p>\n\n\n\n<p><\/p>\n\n\n\n<h2 class=\"wp-block-heading has-cyan-bluish-gray-color has-text-color has-link-color wp-elements-ff61439359ca1b0eea5cfb542908dfd5\">Telefon<\/h2>\n\n\n\n<h1 class=\"wp-block-heading has-black-color has-text-color has-link-color wp-elements-8afe99dfb99a5b28ed0585ea30116943\">03 82 03 \/ 73 15 29<\/h1>\n\n\n\n<h2 class=\"wp-block-heading has-cyan-bluish-gray-color has-text-color has-link-color wp-elements-f65606c6e7890fecae7f3e9c10197008\">Adresse<\/h2>\n\n\n\n<h2 class=\"wp-block-heading\">Hofstra\u00dfe 6 (r\u00fcckw\u00e4rtiger Eingang)<br>18211 Ostseebad Nienhagen<\/h2>\n","protected":false},"excerpt":{"rendered":"<p>Herzlich willkommen! Mit medizinischem Sachverstand und Herz stehe ich Ihnen mit meinem Team zur Seite. Allgemeinmedizin ist Familienmedizin, wir betreuen Kinder, Jugendliche, Erwachsene und Senioren in unserer Praxis. Wir begleiten Sie bei akuten und chronischen Krankheiten, ob k\u00f6rperlicher oder seelischer Natur im gesamten Spektrum der Medizin. Vorsorgeuntersuchungen sind ein wichtiger Teil unserer Arbeit, um Ihre<\/p><\/div>\n<div class=\"blog-btn\"><a href=\"https:\/\/arzt-nienhagen.de\/\" class=\"home-blog-btn\">Weiterlesen<\/a><\/p>\n","protected":false},"author":1,"featured_media":0,"parent":0,"menu_order":0,"comment_status":"closed","ping_status":"closed","template":"","meta":{"footnotes":""},"class_list":["post-8","page","type-page","status-publish","hentry"],"featured_image_src":null,"_links":{"self":[{"href":"https:\/\/arzt-nienhagen.de\/index.php?rest_route=\/wp\/v2\/pages\/8","targetHints":{"allow":["GET"]}}],"collection":[{"href":"https:\/\/arzt-nienhagen.de\/index.php?rest_route=\/wp\/v2\/pages"}],"about":[{"href":"https:\/\/arzt-nienhagen.de\/index.php?rest_route=\/wp\/v2\/types\/page"}],"author":[{"embeddable":true,"href":"https:\/\/arzt-nienhagen.de\/index.php?rest_route=\/wp\/v2\/users\/1"}],"replies":[{"embeddable":true,"href":"https:\/\/arzt-nienhagen.de\/index.php?rest_route=%2Fwp%2Fv2%2Fcomments&post=8"}],"version-history":[{"count":32,"href":"https:\/\/arzt-nienhagen.de\/index.php?rest_route=\/wp\/v2\/pages\/8\/revisions"}],"predecessor-version":[{"id":375,"href":"https:\/\/arzt-nienhagen.de\/index.php?rest_route=\/wp\/v2\/pages\/8\/revisions\/375"}],"wp:attachment":[{"href":"https:\/\/arzt-nienhagen.de\/index.php?rest_route=%2Fwp%2Fv2%2Fmedia&parent=8"}],"curies":[{"name":"wp","href":"https:\/\/api.w.org\/{rel}","templated":true}]}}